etermine o(3).
-23
Let y(u) = 4701*u + 1283370. Determine y(-273).
-3
Let o(q) = 49167*q + 147521. What is o(-3)?
20
Let l(z) = 14650*z + 322318. Determine l(-22).
18
Let y(x) = 976*x - 303296. What is y(311)?
240
Let h(v) = 23609*v - 141680. Give h(6).
-26
Let t(q) = q**3 - 352*q**2 - 350*q - 1081. Determine t(353).
-22
Let i(p) = -p**3 - 20*p**2 - 28*p - 2719. What is i(-24)?
257
Let x(g) = 99*g**2 + 783*g - 3347. What is x(-11)?
19
Let j(u) = -127355*u + 1910237. What is j(15)?
-88
Let p(o) = -133*o**2 - 1045*o + 144. What is p(-8)?
-8
Let q(l) = -6*l**2 - 322*l + 122. Calculate q(-53).
334
Let b(n) = 6207*n + 14640. Give b(-2).
2226
Let k(d) = d**3 + 15*d**2 - 39*d + 3337. Calculate k(-23).
2
Let d(w) = -22*w**2 - 270*w + 29. Give d(-13).
-179
Let u(m) = -30*m**3 - 299*m**2 + 77*m + 653. Determine u(-10).
-17
Let f(p) = -315*p**2 + 6145*p + 40. Determine f(20).
-3060
Let h(o) = -o**3 + 26*o**2 + 1359*o - 10. Give h(-27).
1934
Let b(l) = 16*l**2 + 1244*l + 11386. What is b(-9)?
1486
Let a(s) = 5*s**3 + 16*s**2 - 603*s + 405. Give a(-13).
-37
Let d(v) = -87*v**2 + 32*v - 883. What is d(-5)?
-3218
Let j(a) = -11*a**3 + 18*a**2 - 25*a + 26. What is j(4)?
-490
Let d(l) = 939*l + 88157. Calculate d(-92).
1769
Let w(x) = 3*x**3 - 557*x**2 - 200*x + 2590. Determine w(186).
-14
Let i(n) = -n**2 + 562*n - 24610. Determine i(48).
62
Let i(l) = 37*l**2 + 4994*l - 295. Calculate i(-135).
-160
Let c(m) = -939*m + 40. Determine c(0).
40
Let j(t) = 237*t**3 + 11*t**2 + 250*t - 262. Give j(1).
236
Let x(l) = -44*l**2 + 118*l + 273. Determine x(4).
41
Let y(r) = 21*r**2 + 4658*r + 17578. What is y(-218)?
138
Let v(g) = -994*g - 89389. Give v(-90).
71
Let q(m) = -3*m**2 + 781*m + 7202. Give q(-9).
-70
Let k(y) = -y**3 - 28*y**2 - 60*y - 2031. Give k(-28).
-351
Let o(d) = -50*d - 1309. What is o(-46)?
991
Let w(q) = q**3 - 336*q**2 + 10492*q + 12954. What is w(301)?
11
Let l(f) = -5*f**3 - 527*f**2 - 1271*f - 3601. What is l(-103)?
4
Let m(z) = -122*z**2 - 80436*z + 55433. Give m(-660).
-7
Let l(f) = 17*f**2 - 662*f - 2950. Give l(43).
17
Let w(q) = -q**2 + 1282*q - 44885. Determine w(36).
-29
Let f(i) = 8*i**3 + 20*i**2 - 2796*i - 5674. Give f(-2).
-66
Let a(r) = 43*r**2 + 246*r - 17. Give a(4).
1655
Let o(t) = -3*t**3 - 3519*t**2 + 57073*t + 1229. What is o(-1189)?
40
Let b(y) = -5*y**3 - 201*y**2 + 222*y + 84. Give b(-41).
-2294
Let i(s) = 4*s**2 - 180*s - 1177. Determine i(-7).
279
Let x(n) = n**2 - 1978*n + 975624. Determine x(1039).
3
Let z(r) = -r**3 - 13*r**2 - 694*r - 7902. Calculate z(-11).
-510
Let h(m) = m**3 + 46*m**2 - 952*m - 4458. Calculate h(-4).
22
Let n(b) = 2*b**2 - 3522*b + 983371. Determine n(348).
-77
Let k(x) = 5201*x + 1123430. Determine k(-216).
14
Let o(r) = r**3 - 20*r**2 + 114*r + 9. Give o(5).
204
Let q(i) = 3*i**2 - 5032*i - 60368. What is q(-12)?
448
Let u(t) = -118554*t + 1541195. Calculate u(13).
-7
Let j(u) = 1784*u - 78466. Determine j(44).
30
Let d(i) = -i**2 + 6147*i - 2250587. Calculate d(391).
9
Let h(k) = -k**3 - 157*k**2 - 6160*k - 790. Calculate h(-75).
-40
Let f(k) = 17*k**2 + 1462*k + 2779. Give f(-84).
-77
Let g(m) = -329*m**2 + 3960*m - 123. Give g(12).
21
Let y(n) = 5097*n + 537. Give y(0).
537
Let s(i) = 576*i + 55790. Give s(-98).
-658
Let q(j) = j**3 - 16*j**2 - 1564*j + 103. Calculate q(48).
-1241
Let p(z) = 8*z**2 - 1109*z - 6191. Determine p(144).
1
Let d(m) = m**3 - 7*m + 1325. What is d(0)?
1325
Let f(k) = -18322*k + 4653786. Calculate f(254).
-2
Let i(v) = 127*v + 2577. Determine i(-26).
-725
Let j(z) = -123*z**2 - 292*z + 241. What is j(-3)?
10
Let u(y) = 10*y**3 - 361*y**2 + 48*y + 142. What is u(36)?
574
Let o(z) = 4*z**2 - 154*z - 3059. Calculate o(53).
15
Let n(o) = -4*o**3 - 126*o**2 + 228*o + 8989. Determine n(-31).
-1
Let w(z) = 9091*z + 7936443. What is w(-873)?
0
Let l(u) = u**2 - 197*u - 22699. What is l(279)?
179
Let j(l) = -l**3 - 66*l**2 + 5479*l + 801. What is j(-114)?
3
Let w(q) = -1464*q - 228399. Give w(-156).
-15
Let i(n) = -919*n + 55296. Give i(60).
156
Let t(u) = -5*u**3 - 27*u**2 + 13*u + 48. Give t(-6).
78
Let y(p) = -2*p**3 - 14*p**2 + 893*p + 8316. Determine y(-10).
-14
Let d(c) = 347*c**2 + 36775*c - 789. What is d(-106)?
-47
Let z(w) = -w**3 - 13*w**2 + 111*w - 166. Determine z(2).
-4
Let p(k) = -3*k**3 + 17*k**2 + 36*k - 30. Give p(7).
26
Let m(n) = -n**2 - 10204*n + 1500637. Calculate m(145).
32
Let t(u) = u**3 + 1497*u**2 + 16411*u + 709. Determine t(-11).
-6
Let a(c) = 15326*c + 322497. Determine a(-21).
651
Let z(k) = 75*k - 4822. Determine z(33).
-2347
Let b(k) = 23*k**2 + 124*k + 385. Determine b(-3).
220
Let i(u) = -2340*u + 32625. Calculate i(14).
-135
Let b(s) = -s**3 - 15*s**2 + 305*s + 4528. Give b(-15).
-47
Let v(d) = d**3 - 23*d**2 + 166*d - 2165. What is v(20)?
-45
Let y(q) = 35*q - 1696. Determine y(51).
89
Let k(r) = -12*r**3 - 223*r**2 + 347*r + 56. Give k(-20).
-84
Let c(h) = -68*h - 6609. What is c(-97)?
-13
Let l(a) = 106530*a + 745741. Give l(-7).
31
Let l(q) = -19*q**3 - 39*q**2 + 2297*q - 20. Give l(10).
50
Let o(t) = -207*t + 41693. Give o(202).
-121
Let y(k) = 25936*k - 155650. Determine y(6).
-34
Let y(u) = u**3 + 17*u**2 - 34*u - 290. Calculate y(-18).
-2
Let i(x) = -2*x**3 - 15*x**2 - 37*x - 13. Determine i(-13).
2327
Let z(i) = 352*i - 106176. Determine z(302).
128
Let m(b) = -9830*b - 29498. What is m(-3)?
-8
Let x(y) = 2037*y + 519513. What is x(-255)?
78
Let i(d) = -29903*d - 269010. Calculate i(-9).
117
Let x(n) = -165*n + 7436. Calculate x(46).
-154
Let k(q) = -5*q**3 + 27*q**2 + 101*q - 524. Calculate k(6).
-26
Let v(p) = 309*p - 30317. Calculate v(100).
583
Let p(f) = 4772*f + 81092. What is p(-17)?
-32
Let t(j) = 444*j + 40860. Calculate t(-92).
12
Let f(h) = 3*h**3 + 53*h**2 - 185*h - 3734. Give f(-17).
-11
Let h(l) = -17*l**2 + 97*l + 2146. Determine h(23).
-4616
Let v(a) = 5*a**3 + 4*a**2 + 283*a - 1380. Determine v(5).
760
Let h(o) = o**3 - 17*o**2 - 217*o + 3255. Calculate h(18).
-327
Let g(o) = 137*o - 41064. Give g(312).
1680
Let t(i) = 5*i**3 + 171*i**2 + 31*i - 97. Calculate t(-34).
5
Let t(z) = -392531*z - 785074. What is t(-2)?
-12
Let d(y) = 2*y**3 - 5*y**2 - 4053*y + 8128. What is d(2)?
18
Let a(r) = 2*r**3 + 15*r**2 - 1049*r - 18. What is a(-27)?
-126
Let t(b) = -b**3 + 96*b**2 - 490*b + 1532. Determine t(91).
-1653
Let v(t) = -4*t**3 + 5*t**2 - 1030*t - 3110. Determine v(-3).
133
Let g(o) = -162*o**3 - 3*o**2 - 200*o - 403. What is g(-2)?
1281
Let k(u) = -2*u**3 - 27*u**2 + 308*u + 4238. Determine k(-13).
65
Let p(q) = 123*q - 9217. Give p(75).
8
Let p(o) = 2*o**3 - 214*o**2 + 4*o - 349. Calculate p(107).
79
Let j(q) = 55*q - 1049. Calculate j(31).
656
Let i(a) = 2*a**2 - 100*a - 15604. Determine i(-67).
74
Let l(o) = -o**3 - 51*o**2 + 311*o + 4704. What is l(-55)?
-301
Let w(c) = 29*c**2 + 2027*c - 4365. Give w(-72).
27
Let j(z) = 79*z**2 - 215*z + 91. Calculate j(2).
-23
Let p(r) = 3030*r**2 + 709017*r - 736. What is p(-234)?
-34
Let x(f) = f**2 + 43043*f + 516337. What is x(-12)?
-35
Let i(d) = -48*d**2 - 6199*d - 969. Calculate i(-129).
-66
Let f(l) = -711*l - 6579. Calculate f(-9).
-180
Let z(y) = 2637*y - 498400. Calculate z(189).
-7
Let h(l) = 84*l - 912. Give h(11).
12
Let t(c) = 19*c**2 - 4521*c + 144169. Determine t(200).
-31
Let a(v) = -139*v**2 - 2007*v - 835. What is a(-14)?
19
Let o(x) = 13*x**2 + 4398*x + 1871. Give o(-338).
519
Let z(h) = 4*h**3 + 48*h**2 - 11*h + 20. Give z(-13).
-513
Let k(v) = 75404*v - 6409339. Give k(85).
1
Let v(c) = -c**2 - 11492*c + 751209. Determine v(65).
4
Let v(u) = 12*u**2 - 6710*u + 59390. Calculate v(9).
-28
Let q(k) = -k**3 - 1908*k**2 - 6803*k - 2072637. Determine q(-1905).
3
Let i(t) = -2560*t**2 - 20498*t + 29. Give i(-8).
173
Let g(u) = u**2 - 1836*u + 47111. What is g(26)?
51
Let h(f) = f**3 + 192*f**2 + 1711*f + 290313. Give h(-191).
-7
Let x(v) = -5*v**3 - 166*v**2 - 1028*v - 12. Determine x(-6).
1260
Let h(n) = 10200*n + 101999. What is h(-10)?
-1
Let c(d) = -185286*d - 7782003. Give c(-42).
9
Let x(h) = -h**3 - 13*h**2 - 8113*h - 105468. Give x(-13).
1
Let b(l) = -2*l**3 + 194*l**2 + 2141*l - 131. Give b(107).
-24
Let y(c) = 20506*c - 861684. What is y(42)?
-432
Let p(z) = 854*z - 2785. What is p(4)?
631
Let a(d) = -9*d**3 - 4*d**2 - 10*d - 93. Calculate a(-7).
